er?
True
Suppose -g + 11 = 3*b, 2*b + 5*g - 14 - 15 = 0. Suppose -5*a = 2*j + 37, -2*j - b*a - 27 = a. Is (-7)/(-42) + (-2045)/j - 0 a prime number?
False
Suppose -225*h + 1641634 = -91*h. Is h composite?
False
Let v = -17244 - -36937. Is v a prime number?
False
Let f = 50318 - 25728. Suppose 44*l = 54*l - f. Is l a prime number?
True
Suppose -5*t + 2*f + 17847 = -0*f, -4*f - 3555 = -t. Suppose d - t = -126. Suppose -3*i + 689 = u, -u - 4*u - 4*i = -d. Is u a composite number?
True
Let q(g) = -6*g**2 + 2*g**3 - 2*g - 3*g**2 - 4*g + g. Let b be q(5). Suppose -2*w + i + 17 = 0, -4*w + 46 = -b*w + 2*i. Is w a prime number?
False
Let q = 12449 + 7070. Is q a composite number?
True
Let b = 759521 - 381394. Is b a prime number?
True
Let t = -5449 + 15603. Is t composite?
True
Let w(s) = -3*s**3 - 44*s**2 - 27*s + 16. Let h be w(-14). Suppose 5*a - 3907 = -r + h*a, a = 2*r - 7814. Is r prime?
True
Suppose 16 = -5*r + 4*s, 8*r - 10*r + 4*s = 16. Let u = -5 - r. Is 219/2 + 52/8 + u prime?
False
Suppose 277 = 8*u + 165. Is 26784/u + 20/(-140) a prime number?
True
Let s be 42/(-49)*(-42)/9. Let a = s - -1. Suppose -1 - 24 = -a*p, 3*g = -2*p + 5077. Is g a prime number?
False
Let w = -730673 + 1363132. Is w a prime number?
True
Let m(c) = -8 + 9*c + 5*c - 25. Suppose 509 + 275 = 49*s. Is m(s) a prime number?
True
Suppose -29*i - 8 = 50. Let a(k) = 1306*k**2 - 7*k - 11. Is a(i) prime?
True
Is 13 + (-5)/(20/(-319976)) composite?
True
Suppose -429735 + 132646 = -13*s. Is s a composite number?
False
Suppose -101*b + 94*b - 28266 = 0. Let w = 6091 + b. Is w a composite number?
False
Suppose 0 = 161*r - 14212677 - 6157789 - 41623872. Is r prime?
False
Is 25748359/169 + (-10)/65 a composite number?
True
Suppose 2*a + 12 + 8 = 0. Let q be ((-6)/a)/((-4)/(-24540) - 0). Suppose 0 = m - 10*m + q. Is m prime?
True
Let u(c) = -c**3 + 11*c**2 - 11*c - 5. Let v be u(10). Is v/(-12) + 50575/68 a prime number?
False
Let y = 34 + -186. Let w = -63 - y. Is w a composite number?
False
Let b be (1 - 0)*(-3 - -8). Let k be 2/b - 414/(-15). Is (-143)/(-7) + 16/k composite?
True
Let t(f) = 246*f**2 + f - 3. Let c be t(-4). Suppose -26*y = -c - 69365. Is y a prime number?
True
Let u = -163 - -63. Let z = u + 112. Suppose -3*p = -z, 4*o - 751 - 473 = p. Is o composite?
False
Let i(c) = -c**3 + 3*c**2 - 12*c - 1. Let p be i(6). Let x = 468 + p. Is x a composite number?
True
Suppose 0 = -5*l + 3*v - 118 - 107, -v - 121 = 3*l. Is (-73234)/l*(0 - -9) a composite number?
True
Suppose 36*x + 821467 = 91*x - 1310388. Is x composite?
True
Let t = -14158 + 42896. Is t composite?
True
Let d(m) = -3*m**2 - m + 2185. Suppose 0 = k + 4*b + 20, -k + 4*b + 20 = -0*k. Let u be d(k). Suppose 4*v - v - 6544 = -5*x, 2*x + u = v. Is v composite?
True
Let b(g) be the third derivative of 7/60*g**5 + 0 - 11/6*g**3 - 1/12*g**4 - 14*g**2 + 0*g. Is b(-4) a composite number?
False
Is 64254/8*400/150 a prime number?
False
Let v(t) = -2497*t**3 - 2*t - 6. Let y be v(-2). Suppose y = 12*a - 26118. Is a a composite number?
True
Let w = -3397 + 1964. Let t = -911 - w. Let k = -271 + t. Is k prime?
True
Let b be (3/(-5))/((-5)/(-25)) + 3. Suppose 3*h + w - 41844 = b, 0*w + 2*w = h - 13941. Is h a composite number?
True
Let f(l) = 2*l**3 + l**2 + 7*l + 7. Let x be f(-6). Let r(g) = -190*g + 68. Let m be r(-4). Let o = x + m. Is o a prime number?
True
Suppose 2*a = -5*f + 228446, -3*f + 22*a = 20*a - 137058. Suppose 27*z - 19*z = f. Is z prime?
True
Let z(h) be the third derivative of h**6/24 + h**5/20 + h**4/6 - 5*h**3/6 - 6*h**2. Let b = 296 + -288. Is z(b) a prime number?
False
Let p = 38296 - 9347. Is p prime?
True
Let b(l) = 17602*l + 3113. Is b(9) a prime number?
True
Suppose -9*c + 150 = 132. Suppose -c*p = 5*s - 163, -2*p - 6*s + 5*s = -183. Is p composite?
True
Suppose 4*w - 5118 - 5853 = -5*o, 4*o - 8783 = 3*w. Suppose -6*y = -o - 41467. Is y a composite number?
True
Suppose -2*n + 48 - 2 = 0. Let q = n + -12. Suppose -q*m = -8618 - 7211. Is m a composite number?
False
Let t(b) = -13*b**3 + 2*b**2 - 7*b + 6. Let r be t(-5). Suppose 10639 = o + r. Is o composite?
False
Let i(k) = 108*k**2 + 221*k + 278. Is i(37) composite?
False
Let s be (-3 - 1*(-9)/6)*4358. Let c = -1916 - s. Is c a prime number?
True
Let x(h) = 5 + 4 + 0 + 4083*h - 5. Let u be x(2). Suppose -b - 1644 = -q, 0 = 5*q + 4*b + b - u. Is q a prime number?
False
Let k(d) = 301*d + 113. Let p be 22 + (-16)/(-1 - -3). Is k(p) a composite number?
False
Let j(d) = d + 8. Let g be j(-6). Let a = 1622 - 1199. Suppose -g*l - l = -a. Is l a composite number?
True
Let p(z) = 13*z + 30. Suppose 8*q - 10*q + 12 = 0. Let i be (62/6 - -5)/(4/q). Is p(i) prime?
False
Suppose 255*i + 59651 = 256*i. Is i composite?
False
Suppose 68 = -3*n + 11. Let a(c) = c**3 + 20*c**2 + 20*c + 22. Let o be a(n). Suppose o*z + 8230 = 3*q - q, -3*q + z + 12331 = 0. Is q a composite number?
True
Let f(a) = 3*a**2 + 3*a - 4. Let x be f(-2). Suppose -x*z - z = 3. Is (-23 - z)*253/(-22) a prime number?
False
Suppose 7920 = -0*n + 11*n. Suppose -n = 2*k + 1058. Is (k/(-14) - -5)*(1 - -13) a prime number?
False
Suppose 14 = 13*w - 25. Suppose 0 = -w*r - 0*r + 3. Is (r - -3942)*(-2)/(-2) a prime number?
True
Let b = -168 + 474. Suppose b + 185 = o. Is o prime?
True
Suppose 0 = 5*c - 5, 6*v = v + c + 246244. Is v composite?
True
Let f(v) = -v**2 + 18*v + 9. Let x be f(13). Let l = x + -40. Is l/(-3*8/(-156)) a prime number?
False
Is ((-12 - 891870/(-72))*-4)/((-1)/6) a prime number?
False
Let b(r) be the third derivative of r**5/60 + 17*r**4/12 - 11*r**3 - 3*r**2 - 3. Is b(31) a composite number?
False
Let f(h) = -h**2 - 21*h - 47. Let y be f(-25). Let m = -147 - y. Suppose m = -9*s + s + 33608. Is s a composite number?
False
Suppose 37972 = 16*w - 149724. Is w a composite number?
False
Let m(d) = 1564*d**3 + d**2 - 5*d - 1. Let o(k) = -4693*k**3 - 3*k**2 + 14*k + 3. Let t(n) = -11*m(n) - 4*o(n). Is t(1) prime?
True
Let p(t) = 3*t - 4. Let v be p(3). Suppose -5*l = -6*l - 1, s + 3*l = -3. Suppose v*z + s*z = 6565. Is z a composite number?
True
Suppose 63*z = -2*j + 60*z - 24, -2*j - 8 = -z. Let s(c) be the first derivative of -6*c**2 + 23*c - 1. Is s(j) prime?
False
Let m = -40 - -63. Suppose 912 = 26*l - m*l. Let o = -210 + l. Is o composite?
True
Let s be -36*((-148)/6 - 4). Let t = s - 548. Let k = t + -5. Is k prime?
True
Let y be ((-6)/2 + 7)*42/(-8). Is (-10)/(-105) + (-691)/y a prime number?
False
Let a = -1316 - -2451. Let m = -348 + a. Is m composite?
False
Let j(b) = 835*b + 124. Let z(m) = -4*m + 131. Let o be z(28). Is j(o) composite?
True
Suppose g - 3 = -0*f + 3*f, 5*g - 2*f = -24. Is g/(-9) - (-2)/(24/19636) composite?
False
Let i(o) = 7*o**2 + 7*o - 37. Let k(s) = -8*s + 102. Let c be k(12). Is i(c) composite?
False
Is 1*72418*(-10 + 372/24) composite?
True
Suppose -630 = 29*r - 44*r. Suppose 85679 = -31*v + r*v. Is v prime?
True
Let h = 422 + -12. Let x(o) = -2*o**2 - 23*o + 57. Let z be x(-18). Let y = h + z. Is y a prime number?
True
Suppose -4*p = -p - 6. Suppose p*n - 11*n = 0. Let r(c) = -c**3 + 2*c**2 - c + 2053. Is r(n) a composite number?
False
Let z(q) = q - 1. Let n(g) = 27*g**2 + 11*g - 19. Let c(a) = n(a) - 6*z(a). Is c(16) a composite number?
True
Suppose 2*o - 895 - 1525 = 0. Suppose 3*v = 4*a + 1412, 59 = 2*a + 4*v + 765. Let j = o - a. Is j a composite number?
True
Suppose 3*k = -3*n + 15, -13 = -3*n - 4*k - k. Let p be (898/6)/(2/n). Let c = -262 + p. Is c a prime number?
False
Suppose 0 = x - 3097 + 835. Suppose x*i - 2256*i - 1818 = 0. Is i a prime number?
False
Suppose c - 5*m - 94123 = 276280, -2*m = 12. Is c composite?
False
Let j(y) = -341*y**2 + 5*y - 2. Let m be j(-4). Let t be (-6)/(-15) - m/30. Suppose -3*l + 2*f - t = -6*l, -5*f + 133 = 2*l. Is l prime?
True
Suppose -20*i + 1368611 + 50901 - 207852 = 0. Is i prime?
False
Suppose 9 - 19 = -2*w - 2*u, w - 10 = -2*u. Suppose w = -90*i + 78*i + 488004. Is i composite?
True
Let x = 926 + -521. Let i = 250 + x. Is i a prime number?
False
Let m = -366389 + 663318. Is m a prime number?
True
Let h(b) = -4112*b**3 + 3*b**2 + 2*b + 1. Let v(a) = -8224*a**3 + 6*a**2 + 4*a + 3. Let p(c) = 7*h(c) - 3*v(c). Is p(-1) composite?
False
Let x = 2953 + -2075. Suppose 5*i + 4*a = x, 2*i + 4*a - 522 = -i. 